9))/(2/(-6))?
5
Suppose 0 = -4*v + 3 + 133. Let x = -17 + v. List the prime factors of x.
17
List the prime factors of ((-15)/12)/((-1)/16).
2, 5
Let t = -10 - -10. Suppose 2*c - 5*h - 73 = -t*h, -2*h = 2. Let j = c - 23. List the prime factors of j.
11
Let d(g) = -2*g**3 - g**2 + g - 1. Let u be d(-2). Suppose 6*k - 3*k = u. What are the prime factors of k?
3
Let r(i) = 49*i**2 + i + 2. What are the prime factors of r(-1)?
2, 5
Suppose -6 = o - 4. Let k be (-126)/(-45) - o/10. Suppose 2*d - k*w = d - 5, -2*w + 43 = 5*d. List the prime factors of d.
7
Let l(i) = -i**3 - 20*i**2 - 21*i + 14. What are the prime factors of l(-19)?
2, 13
Let j(g) = -2*g - 10. Suppose -2*s = 2*x + 16, 5*s = -x + s - 2. List the prime factors of j(x).
2, 5
Let q be 20/8*(-2 - 0). Let f(o) = o**2 + 3*o - 5. Let x be f(q). Suppose x*u = -0*u + 30. List the prime factors of u.
2, 3
List the prime factors of ((-30)/(-25))/((-2)/(-100)).
2, 3, 5
Let p = 22 - 36. Let n be (-1)/(-4) - p/8. Suppose -n*z = -0*z - 28. List the prime factors of z.
2, 7
Let f(x) = x**2 - 7*x + 8. Let r be f(6). Let b be (r - 1) + -2 + 9. Suppose -b = -2*d - 3*v + 6*v, 39 = 5*d + 2*v. What are the prime factors of d?
7
Let u(v) = v**3 - 9*v**2 - 8*v - 2. What are the prime factors of u(10)?
2, 3
Suppose -7*m + 3*m + 196 = 0. What are the prime factors of m?
7
What are the prime factors of 25/4 - 7/28?
2, 3
Let d(w) = w**3 - 19*w**2 + 18*w - 22. Let i be d(18). Let q = 21 - i. List the prime factors of q.
43
Suppose 0 = -7*b + b. Suppose b = -4*q - 3*p + 50, q - 5*q = -4*p - 36. List the prime factors of q.
11
Suppose 28 = 4*s - 4*f, -5*s + f = -2*s - 13. Let y be -22*(-1 + -2)/s. Let n = y + -7. List the prime factors of n.
3, 5
Let c be 6 + (-5)/((-10)/(-6)). Suppose j = 2*l - 12, -j - c*l + 14 = 1. Let s(a) = -11*a - 3. What are the prime factors of s(j)?
19
Let a(h) = h - 3. Let j be a(6). Let d = j - -10. List the prime factors of d.
13
Let d be (32/10)/((-4)/(-20)). Suppose 2*h - 6*h = -d. Suppose 30 = 4*w - h*m + m, -2*w = 5*m - 28. What are the prime factors of w?
3
Suppose 3*z - 8 = -z. Let h be (z - 3)/(2 + -1). Let o(n) = -4*n**3 - 2*n**2 - n. List the prime factors of o(h).
3
Suppose -2*m + 3*m = 2. Suppose m = x - 3. What are the prime factors of x?
5
Let l(o) = o**3 - 7*o**2 + 6*o - 3. Let w be l(6). Let c = w - -55. What are the prime factors of c?
2, 13
List the prime factors of (-36)/(-45)*1*65.
2, 13
Let d(x) = -8*x. Let z be d(1). Let r = -12 - z. Let o = r - -11. List the prime factors of o.
7
Suppose 1 + 11 = -2*w. Let t(u) be the second derivative of -u**3/6 - 3*u**2/2 - u. List the prime factors of t(w).
3
Let y(x) = 10*x - 13. Let n(q) = 3*q - 4. Let f(i) = 21*n(i) - 6*y(i). Let c(l) = l - 4. Let b be c(8). List the prime factors of f(b).
2, 3
Let x(w) = w**2 + w - 3. Suppose -4*q + 20 = -5*s, -3*s = -2*q + 12 - 2. List the prime factors of x(q).
3
Let o(f) = -8*f - 5. List the prime factors of o(-12).
7, 13
Suppose -5*l - 2 = -12. Let v be -1*(-1)/(l/22). Suppose 11 = 2*q - v. What are the prime factors of q?
11
Let z(x) = x**2 - 7*x + 5. List the prime factors of z(-6).
83
Suppose v - 5*x - 48 = -2*v, -33 = -v - 4*x. What are the prime factors of v?
3, 7
List the prime factors of -3 + (3 + (-6 - -1) - -7).
2
What are the prime factors of (-2)/6 - 352/(-12)?
29
Let n = -120 + 236. List the prime factors of n.
2, 29
Let z = -1 + 0. Let r = z + 1. Suppose r = 3*i - 4*i + 3. List the prime factors of i.
3
Let o be ((-8)/(-6))/(6/9). List the prime factors of (-84)/(-3) + 1 + o.
31
Let a(g) = g + 1. Let j(x) = x**3 + 4*x**2 - x - 2. Let c(w) = -5*a(w) - j(w). List the prime factors of c(-4).
13
Let c(v) = 4*v - 3. Let j(q) = q. Let r be j(2). Let p be c(r). Suppose -4*g = 5*t - 30 - 15, -4*g = -p*t + 85. What are the prime factors of t?
13
Let h be (2 + (-1 - 1))*-1. Let i(m) = -m**2 + 4. What are the prime factors of i(h)?
2
Let z = -14 - -19. List the prime factors of z.
5
Let m(l) = -2*l + 3*l**2 + 1 + 4*l + 0*l. Let a be m(-2). Let k = a + -1. List the prime factors of k.
2
Suppose 0 = t - 2, -4*w - 5*t + 40 = w. Suppose -3*v + 6 = -w. Suppose v*s - 2*j - 32 = -0*j, -4*s + 48 = 2*j. What are the prime factors of s?
2, 5
Let c = 12 + -4. Let x = c + -6. List the prime factors of x.
2
Let y = -11 - -14. Suppose -2*i + 0 = 2*w + 4, -4*w + 5*i = -10. Suppose y*m + 0 - 9 = w. List the prime factors of m.
3
Suppose -6*z - 24 = -78. Suppose -z*y + 11*y = 44. List the prime factors of y.
2, 11
Let v = 3 + -3. Let s(d) = 7*d + v*d - 1 - d**3 - 8*d - 2*d**2. List the prime factors of s(-3).
11
Let i(h) = -h**2 + 10*h + 3. Let p be i(10). Let k(u) = u**3 + 4*u**2 - 4*u + 3. What are the prime factors of k(p)?
2, 3
List the prime factors of 20/(3 + 26/(-10)).
2, 5
Let n = 10 + -8. Let s(m) = 3*m**2 - m - 1. Let x be s(-1). Suppose -x = z - n*z. List the prime factors of z.
3
List the prime factors of (-214)/(-4)*(2 + 0).
107
Let f(d) = d**3 + 10*d**2 + 6*d + 11. What are the prime factors of f(-9)?
2, 19
Let k(r) = r**3 + 5*r**2 + 2*r - 5. Let y be (-1)/3 + (-77)/21. List the prime factors of k(y).
3
Let d = 20 + -13. List the prime factors of d.
7
Suppose 8*r - 50 = 3*r. Let w(m) = m**3 - 11*m**2 + 8*m + 5. Let v be w(r). Let d = v + 29. List the prime factors of d.
2, 7
Let z = 13 + -4. Let u = z - -1. What are the prime factors of u?
2, 5
Let t(g) = g**3 + 3*g**2 - 4*g + 3. Suppose -r = -3*q - 7, -5*q + r = -2*r + 5. What are the prime factors of t(q)?
3
Let z = -82 + 122. What are the prime factors of z?
2, 5
Let b(k) = -k**3 + 8*k**2 - 6*k. What are the prime factors of b(4)?
2, 5
Let f = -381 - -664. What are the prime factors of f?
283
What are the prime factors of ((-32)/24)/(453/(-225) - -2)?
2, 5
Let g be ((-188)/12)/((-1)/(-6)). Let x = -53 - g. List the prime factors of x.
41
Suppose -z + a = 0, z = -3*a + 21 - 1. Suppose 4*x - 3 = 5*k + 2, 4*k = -z*x + 37. What are the prime factors of k?
3
Let z = -17 - -23. List the prime factors of z.
2, 3
Let q be 2 + 4/(-12)*0. Suppose 0 = 4*k + 4*o - 8, 3 = q*k + o - 2. What are the prime factors of k?
3
Let n(c) = -c**3 + 3*c**2 + 2. Let w = 0 - -3. Let d be n(w). Suppose 5*x + 0*x = -d*r + 48, -3*x + 26 = r. What are the prime factors of r?
2, 7
Suppose -n + 5*n + p - 29 = 0, -n - 14 = -4*p. List the prime factors of n.
2, 3
Suppose 3*l - 10 = 14. What are the prime factors of l?
2
Let f be 7 + -1 + -2 + 0. Let c(y) = 6*y**2 - 5*y + 5 - 2*y**3 + y**3 + 0. What are the prime factors of c(f)?
17
Let j = -18 - -28. Let s(m) = m**3 - 3*m**2 + 2*m. Let v be s(2). List the prime factors of j - (v - (2 + -2)).
2, 5
Let c be (-1 + (-3 - -3))*-3. Suppose c*w = 2*j + 2*j - 16, 16 = 4*j + 4*w. List the prime factors of j.
2
Let s(w) = -w**2 - 5*w + 8. Let n be s(-6). Suppose -2*h + 2 + 0 = -2*v, 4*v + n = 3*h. What are the prime factors of v/4 - (-117)/12?
2, 5
Suppose 2*z = 56 + 16. What are the prime factors of z?
2, 3
Let v be (-4)/4 - (1 - 23). Suppose 3*f = -x + 20, -5*x - f = -93 + v. List the prime factors of x.
2, 7
Suppose 4*v = v + 24. What are the prime factors of (-266)/(-18) - v/(-36)?
3, 5
Let k = -11 - -22. Suppose -4*z + 9 = -k. What are the prime factors of ((-15)/2)/z*-4?
2, 3
Suppose -3*q + 118 = -q. List the prime factors of q.
59
Suppose -v = -3*w + 1 + 1, -w - 5*v + 22 = 0. Suppose -w*n + 5*h + 25 = n, 0 = n - 3*h - 7. List the prime factors of n.
2, 5
Let r = 26 + 33. What are the prime factors of r?
59
Let l = -91 + 56. Let r be (l/(-28))/(2/8). List the prime factors of 3/(r/(-6) - -1).
2, 3
Suppose 2*u + 501 = 5*u. Suppose -3*y + u = 62. Let z = -25 + y. List the prime factors of z.
2, 5
Let u be (-8 + 10)*(-3)/(-2). Let m be -5*3/(-3) - u. Suppose -m*p - 8 = -24. What are the prime factors of p?
2
Suppose -z + 14 = -3. Suppose 3*v - z = 2*v. What are the prime factors of v?
17
Let x(v) = v**3 - 5*v**2 - 14. Suppose 5*p - 42 = 3*r - 7*r, 15 = 5*r. List the prime factors of x(p).
2, 11
Let h = 1 - -5. Let b be 90/25 - (-3)/(-5). Suppose b*k - h*k + 33 = 0. List the prime factors of k.
11
Suppose -14 = -4*x - 2*f, -x + f + 8 = -3*f. Suppose r - 10 = x. List the prime factors of r.
2, 7
Let f be 21/(-14)*16/(-6). Suppose -3*w + f*w - 27 = 0. What are the prime factors of w?
3
Let l be (14 - 0)/(10 + -8). Suppose 